[INFO] cloning repository https://github.com/adi-g15/leetcode_debugger
[INFO] running `Command { std: "git" "-c" "credential.helper=" "-c" "credential.helper=/workspace/cargo-home/bin/git-credential-null" "clone" "--bare" "https://github.com/adi-g15/leetcode_debugger" "/workspace/cache/git-repos/https%3A%2F%2Fgithub.com%2Fadi-g15%2Fleetcode_debugger", kill_on_drop: false }`
[INFO] [stderr] Cloning into bare repository '/workspace/cache/git-repos/https%3A%2F%2Fgithub.com%2Fadi-g15%2Fleetcode_debugger'...
[INFO] running `Command { std: "git" "rev-parse" "HEAD", kill_on_drop: false }`
[INFO] [stdout] 0e43190e1dba5b782dc10fd04783a1698050ccf1
[INFO] checking adi-g15/leetcode_debugger against master#9610dfe5a9a731ced1ea4923ecbd0c57fe367898 for beta-170-4
[INFO] running `Command { std: "git" "clone" "/workspace/cache/git-repos/https%3A%2F%2Fgithub.com%2Fadi-g15%2Fleetcode_debugger" "/workspace/builds/worker-7-tc1/source", kill_on_drop: false }`
[INFO] [stderr] Cloning into '/workspace/builds/worker-7-tc1/source'...
[INFO] [stderr] done.
[INFO] validating manifest of git repo https://github.com/adi-g15/leetcode_debugger on toolchain 9610dfe5a9a731ced1ea4923ecbd0c57fe367898
[INFO] running `Command { std: CARGO_HOME="/workspace/cargo-home" RUSTUP_HOME="/workspace/rustup-home" "/workspace/cargo-home/bin/cargo" "+9610dfe5a9a731ced1ea4923ecbd0c57fe367898" "metadata" "--manifest-path" "Cargo.toml" "--no-deps", kill_on_drop: false }`
[INFO] started tweaking git repo https://github.com/adi-g15/leetcode_debugger
[INFO] finished tweaking git repo https://github.com/adi-g15/leetcode_debugger
[INFO] tweaked toml for git repo https://github.com/adi-g15/leetcode_debugger written to /workspace/builds/worker-7-tc1/source/Cargo.toml
[INFO] crate git repo https://github.com/adi-g15/leetcode_debugger already has a lockfile, it will not be regenerated
[INFO] running `Command { std: CARGO_HOME="/workspace/cargo-home" RUSTUP_HOME="/workspace/rustup-home" "/workspace/cargo-home/bin/cargo" "+9610dfe5a9a731ced1ea4923ecbd0c57fe367898" "fetch" "--manifest-path" "Cargo.toml", kill_on_drop: false }`
[INFO] [stderr]     Updating git repository `https://github.com/redox-os/orbtk.git`
[INFO] [stderr]     Updating git repository `https://gitlab.redox-os.org/redox-os/dces-rust.git`
[INFO] [stderr]  Downloading crates ...
[INFO] [stderr]   Downloaded tiny-skia v0.5.1
[INFO] [stderr]   Downloaded rust_decimal v1.15.0
[INFO] [stderr]   Downloaded orbclient v0.3.31
[INFO] running `Command { std: "docker" "create" "-v" "/var/lib/crater-agent-workspace/builds/worker-7-tc1/target:/opt/rustwide/target:rw,Z" "-v" "/var/lib/crater-agent-workspace/builds/worker-7-tc1/source:/opt/rustwide/workdir:ro,Z" "-v" "/var/lib/crater-agent-workspace/cargo-home:/opt/rustwide/cargo-home:ro,Z" "-v" "/var/lib/crater-agent-workspace/rustup-home:/opt/rustwide/rustup-home:ro,Z" "-e" "SOURCE_DIR=/opt/rustwide/workdir" "-e" "CARGO_TARGET_DIR=/opt/rustwide/target" "-e" "CARGO_HOME=/opt/rustwide/cargo-home" "-e" "RUSTUP_HOME=/opt/rustwide/rustup-home" "-w" "/opt/rustwide/workdir" "-m" "1610612736" "--user" "0:0" "--network" "none" "ghcr.io/rust-lang/crates-build-env/linux@sha256:19e73879b68f455e41552ea35293514db52ea292d993f571636dbffedb77a1ee" "/opt/rustwide/cargo-home/bin/cargo" "+9610dfe5a9a731ced1ea4923ecbd0c57fe367898" "metadata" "--no-deps" "--format-version=1", kill_on_drop: false }`
[INFO] [stdout] d0cca46bc5f1936971d1deb1fe195ab065847063f29609d7abe204a796b7da0a
[INFO] running `Command { std: "docker" "start" "-a" "d0cca46bc5f1936971d1deb1fe195ab065847063f29609d7abe204a796b7da0a", kill_on_drop: false }`
[INFO] running `Command { std: "docker" "inspect" "d0cca46bc5f1936971d1deb1fe195ab065847063f29609d7abe204a796b7da0a", kill_on_drop: false }`
[INFO] running `Command { std: "docker" "rm" "-f" "d0cca46bc5f1936971d1deb1fe195ab065847063f29609d7abe204a796b7da0a", kill_on_drop: false }`
[INFO] [stdout] d0cca46bc5f1936971d1deb1fe195ab065847063f29609d7abe204a796b7da0a
[INFO] running `Command { std: "docker" "create" "-v" "/var/lib/crater-agent-workspace/builds/worker-7-tc1/target:/opt/rustwide/target:rw,Z" "-v" "/var/lib/crater-agent-workspace/builds/worker-7-tc1/source:/opt/rustwide/workdir:ro,Z" "-v" "/var/lib/crater-agent-workspace/cargo-home:/opt/rustwide/cargo-home:ro,Z" "-v" "/var/lib/crater-agent-workspace/rustup-home:/opt/rustwide/rustup-home:ro,Z" "-e" "SOURCE_DIR=/opt/rustwide/workdir" "-e" "CARGO_TARGET_DIR=/opt/rustwide/target" "-e" "CARGO_INCREMENTAL=0" "-e" "RUST_BACKTRACE=full" "-e" "RUSTFLAGS=--cap-lints=forbid" "-e" "RUSTDOCFLAGS=--cap-lints=forbid" "-e" "CARGO_HOME=/opt/rustwide/cargo-home" "-e" "RUSTUP_HOME=/opt/rustwide/rustup-home" "-w" "/opt/rustwide/workdir" "-m" "1610612736" "--user" "0:0" "--network" "none" "ghcr.io/rust-lang/crates-build-env/linux@sha256:19e73879b68f455e41552ea35293514db52ea292d993f571636dbffedb77a1ee" "/opt/rustwide/cargo-home/bin/cargo" "+9610dfe5a9a731ced1ea4923ecbd0c57fe367898" "check" "--frozen" "--all" "--all-targets" "--message-format=json", kill_on_drop: false }`
[INFO] [stdout] 5dc190595009fa0326141e678221a3049768526a61e3ecd0126284bcebcc199c
[INFO] running `Command { std: "docker" "start" "-a" "5dc190595009fa0326141e678221a3049768526a61e3ecd0126284bcebcc199c", kill_on_drop: false }`
[INFO] [stderr]    Compiling libc v0.2.101
[INFO] [stderr]    Compiling crc32fast v1.2.1
[INFO] [stderr]    Compiling getrandom v0.1.16
[INFO] [stderr]    Compiling proc-macro2 v1.0.29
[INFO] [stderr]    Compiling syn v1.0.76
[INFO] [stderr]    Compiling miniz_oxide v0.4.4
[INFO] [stderr]    Compiling encoding_rs v0.8.28
[INFO] [stderr]    Compiling memchr v2.4.1
[INFO] [stderr]     Checking bitflags v1.3.2
[INFO] [stderr]    Compiling num-traits v0.2.14
[INFO] [stderr]    Compiling regex-syntax v0.6.25
[INFO] [stderr]    Compiling ppv-lite86 v0.2.10
[INFO] [stderr]    Compiling aho-corasick v0.7.18
[INFO] [stderr]    Compiling adler v1.0.2
[INFO] [stderr]    Compiling quote v1.0.9
[INFO] [stderr]    Compiling rand_core v0.5.1
[INFO] [stderr]    Compiling filetime v0.2.15
[INFO] [stderr]    Compiling xattr v0.2.2
[INFO] [stderr]    Compiling rand_pcg v0.2.1
[INFO] [stderr]    Compiling rand_chacha v0.2.2
[INFO] [stderr]     Checking byteorder v1.4.3
[INFO] [stderr]    Compiling siphasher v0.3.7
[INFO] [stderr]    Compiling serde_derive v1.0.130
[INFO] [stderr]    Compiling cc v1.0.70
[INFO] [stderr]    Compiling rand v0.7.3
[INFO] [stderr]    Compiling phf_shared v0.8.0
[INFO] [stderr]    Compiling tar v0.4.37
[INFO] [stderr]    Compiling flate2 v1.0.21
[INFO] [stderr]    Compiling regex v1.5.4
[INFO] [stderr]    Compiling cmake v0.1.45
[INFO] [stderr]    Compiling num-integer v0.1.44
[INFO] [stderr]    Compiling serde v1.0.130
[INFO] [stderr]     Checking adler32 v1.2.0
[INFO] [stderr]    Compiling version-compare v0.0.10
[INFO] [stderr]    Compiling cfg-if v0.1.10
[INFO] [stderr]    Compiling phf_generator v0.8.0
[INFO] [stderr]     Checking arrayvec v0.5.2
[INFO] [stderr]    Compiling phf_codegen v0.8.0
[INFO] [stderr]     Checking deflate v0.8.6
[INFO] [stderr]    Compiling unidiff v0.3.3
[INFO] [stderr]     Checking miniz_oxide v0.3.7
[INFO] [stderr]    Compiling num-iter v0.1.42
[INFO] [stderr]    Compiling num-rational v0.3.2
[INFO] [stderr]     Checking bytemuck v1.7.2
[INFO] [stderr]    Compiling lexical-core v0.7.6
[INFO] [stderr]     Checking png v0.16.8
[INFO] [stderr]    Compiling orbtk_utils v0.3.1-alpha4 (https://github.com/redox-os/orbtk.git?branch=develop#4479802a)
[INFO] [stderr]     Checking base64 v0.13.0
[INFO] [stderr]    Compiling sdl2 v0.34.5
[INFO] [stderr]     Checking static_assertions v1.1.0
[INFO] [stderr]     Checking ttf-parser v0.6.2
[INFO] [stderr]     Checking phf v0.8.0
[INFO] [stderr]     Checking safe_arch v0.5.2
[INFO] [stderr]     Checking raw-window-handle v0.3.3
[INFO] [stderr]     Checking arrayref v0.3.6
[INFO] [stderr]     Checking ab_glyph_rasterizer v0.1.4
[INFO] [stderr]     Checking color_quant v1.1.0
[INFO] [stderr]     Checking fxhash v0.2.1
[INFO] [stderr]     Checking dirs-sys-next v0.1.2
[INFO] [stderr]     Checking image v0.23.14
[INFO] [stderr]     Checking num_cpus v1.13.0
[INFO] [stderr]     Checking tiny-skia v0.5.1
[INFO] [stderr]    Compiling case v1.0.0
[INFO] [stderr]     Checking threadpool v1.8.1
[INFO] [stderr]    Compiling derive_more v0.99.16
[INFO] [stderr]     Checking owned_ttf_parser v0.6.0
[INFO] [stderr]     Checking rusttype v0.9.2
[INFO] [stderr]    Compiling orbtk_proc_macros v0.3.1-alpha4 (https://github.com/redox-os/orbtk.git?branch=develop#4479802a)
[INFO] [stderr]     Checking dirs-next v2.0.0
[INFO] [stderr]     Checking dces v0.3.1 (https://gitlab.redox-os.org/redox-os/dces-rust.git?branch=before_resource#f85e608e)
[INFO] [stdout] error[E0310]: the parameter type `Ctx` may not live long enough
[INFO] [stdout]   --> /opt/rustwide/cargo-home/git/checkouts/dces-rust-0e90bfa1cf1cf6e4/f85e608/src/world.rs:28:13
[INFO] [stdout]    |
[INFO] [stdout] 28 | /             cleanup_system
[INFO] [stdout] 29 | |                 .system
[INFO] [stdout] 30 | |                 .run(&mut self.entity_component_manager);
[INFO] [stdout]    | |________________________________________________________^ ...so that the type `Ctx` will meet its required lifetime bounds
[INFO] [stdout]    |
[INFO] [stdout] help: consider adding an explicit lifetime bound...
[INFO] [stdout]    |
[INFO] [stdout] 22 | impl<E, Ctx: 'static> Drop for World<E, Ctx>
[INFO] [stdout]    |            +++++++++
[INFO] [stdout] 
[INFO] [stdout] 
[INFO] [stdout] error[E0310]: the parameter type `E` may not live long enough
[INFO] [stdout]   --> /opt/rustwide/cargo-home/git/checkouts/dces-rust-0e90bfa1cf1cf6e4/f85e608/src/world.rs:28:13
[INFO] [stdout]    |
[INFO] [stdout] 28 | /             cleanup_system
[INFO] [stdout] 29 | |                 .system
[INFO] [stdout] 30 | |                 .run(&mut self.entity_component_manager);
[INFO] [stdout]    | |________________________________________________________^ ...so that the type `E` will meet its required lifetime bounds
[INFO] [stdout]    |
[INFO] [stdout] help: consider adding an explicit lifetime bound...
[INFO] [stdout]    |
[INFO] [stdout] 24 |     E: EntityStore + 'static,
[INFO] [stdout]    |                    +++++++++
[INFO] [stdout] 
[INFO] [stdout] 
[INFO] [stdout] error[E0310]: the parameter type `Ctx` may not live long enough
[INFO] [stdout]    --> /opt/rustwide/cargo-home/git/checkouts/dces-rust-0e90bfa1cf1cf6e4/f85e608/src/world.rs:105:17
[INFO] [stdout]     |
[INFO] [stdout] 105 |                 init_system.system.run(&mut self.entity_component_manager);
[INFO] [stdout]     |                 ^^^^^^^^^^^^^^^^^^^^^^^^^^^^^^^^^^^^^^^^^^^^^^^^^^^^^^^^^^ ...so that the type `Ctx` will meet its required lifetime bounds
[INFO] [stdout]     |
[INFO] [stdout] help: consider adding an explicit lifetime bound...
[INFO] [stdout]     |
[INFO] [stdout] 37  | impl<E, Ctx: 'static> World<E, Ctx>
[INFO] [stdout]     |            +++++++++
[INFO] [stdout] 
[INFO] [stdout] 
[INFO] [stdout] error[E0310]: the parameter type `E` may not live long enough
[INFO] [stdout]    --> /opt/rustwide/cargo-home/git/checkouts/dces-rust-0e90bfa1cf1cf6e4/f85e608/src/world.rs:105:17
[INFO] [stdout]     |
[INFO] [stdout] 105 |                 init_system.system.run(&mut self.entity_component_manager);
[INFO] [stdout]     |                 ^^^^^^^^^^^^^^^^^^^^^^^^^^^^^^^^^^^^^^^^^^^^^^^^^^^^^^^^^^ ...so that the type `E` will meet its required lifetime bounds
[INFO] [stdout]     |
[INFO] [stdout] help: consider adding an explicit lifetime bound...
[INFO] [stdout]     |
[INFO] [stdout] 39  |     E: EntityStore + 'static,
[INFO] [stdout]     |                    +++++++++
[INFO] [stdout] 
[INFO] [stdout] 
[INFO] [stdout] error[E0310]: the parameter type `Ctx` may not live long enough
[INFO] [stdout]    --> /opt/rustwide/cargo-home/git/checkouts/dces-rust-0e90bfa1cf1cf6e4/f85e608/src/world.rs:113:17
[INFO] [stdout]     |
[INFO] [stdout] 113 | /                 self.system_store
[INFO] [stdout] 114 | |                     .borrow_entity_system(*system)
[INFO] [stdout] 115 | |                     .unwrap()
[INFO] [stdout] 116 | |                     .system
[INFO] [stdout] 117 | |                     .run(&mut self.entity_component_manager);
[INFO] [stdout]     | |____________________________________________________________^ ...so that the type `Ctx` will meet its required lifetime bounds
[INFO] [stdout]     |
[INFO] [stdout] help: consider adding an explicit lifetime bound...
[INFO] [stdout]     |
[INFO] [stdout] 37  | impl<E, Ctx: 'static> World<E, Ctx>
[INFO] [stdout]     |            +++++++++
[INFO] [stdout] 
[INFO] [stdout] 
[INFO] [stdout] error[E0310]: the parameter type `E` may not live long enough
[INFO] [stdout]    --> /opt/rustwide/cargo-home/git/checkouts/dces-rust-0e90bfa1cf1cf6e4/f85e608/src/world.rs:113:17
[INFO] [stdout]     |
[INFO] [stdout] 113 | /                 self.system_store
[INFO] [stdout] 114 | |                     .borrow_entity_system(*system)
[INFO] [stdout] 115 | |                     .unwrap()
[INFO] [stdout] 116 | |                     .system
[INFO] [stdout] 117 | |                     .run(&mut self.entity_component_manager);
[INFO] [stdout]     | |____________________________________________________________^ ...so that the type `E` will meet its required lifetime bounds
[INFO] [stdout]     |
[INFO] [stdout] help: consider adding an explicit lifetime bound...
[INFO] [stdout]     |
[INFO] [stdout] 39  |     E: EntityStore + 'static,
[INFO] [stdout]     |                    +++++++++
[INFO] [stdout] 
[INFO] [stdout] 
[INFO] [stdout] error[E0310]: the parameter type `Ctx` may not live long enough
[INFO] [stdout]    --> /opt/rustwide/cargo-home/git/checkouts/dces-rust-0e90bfa1cf1cf6e4/f85e608/src/world.rs:126:17
[INFO] [stdout]     |
[INFO] [stdout] 126 | /                 init_system
[INFO] [stdout] 127 | |                     .system
[INFO] [stdout] 128 | |                     .run_with_context(&mut self.entity_component_manager, ctx);
[INFO] [stdout]     | |______________________________________________________________________________^ ...so that the type `Ctx` will meet its required lifetime bounds
[INFO] [stdout]     |
[INFO] [stdout] help: consider adding an explicit lifetime bound...
[INFO] [stdout]     |
[INFO] [stdout] 37  | impl<E, Ctx: 'static> World<E, Ctx>
[INFO] [stdout]     |            +++++++++
[INFO] [stdout] 
[INFO] [stdout] 
[INFO] [stdout] error[E0310]: the parameter type `E` may not live long enough
[INFO] [stdout]    --> /opt/rustwide/cargo-home/git/checkouts/dces-rust-0e90bfa1cf1cf6e4/f85e608/src/world.rs:126:17
[INFO] [stdout]     |
[INFO] [stdout] 126 | /                 init_system
[INFO] [stdout] 127 | |                     .system
[INFO] [stdout] 128 | |                     .run_with_context(&mut self.entity_component_manager, ctx);
[INFO] [stdout]     | |______________________________________________________________________________^ ...so that the type `E` will meet its required lifetime bounds
[INFO] [stdout]     |
[INFO] [stdout] help: consider adding an explicit lifetime bound...
[INFO] [stdout]     |
[INFO] [stdout] 39  |     E: EntityStore + 'static,
[INFO] [stdout]     |                    +++++++++
[INFO] [stdout] 
[INFO] [stdout] 
[INFO] [stdout] error[E0310]: the parameter type `Ctx` may not live long enough
[INFO] [stdout]    --> /opt/rustwide/cargo-home/git/checkouts/dces-rust-0e90bfa1cf1cf6e4/f85e608/src/world.rs:136:17
[INFO] [stdout]     |
[INFO] [stdout] 136 | /                 self.system_store
[INFO] [stdout] 137 | |                     .borrow_entity_system(*system)
[INFO] [stdout] 138 | |                     .unwrap()
[INFO] [stdout] 139 | |                     .system
[INFO] [stdout] 140 | |                     .run_with_context(&mut self.entity_component_manager, ctx);
[INFO] [stdout]     | |______________________________________________________________________________^ ...so that the type `Ctx` will meet its required lifetime bounds
[INFO] [stdout]     |
[INFO] [stdout] help: consider adding an explicit lifetime bound...
[INFO] [stdout]     |
[INFO] [stdout] 37  | impl<E, Ctx: 'static> World<E, Ctx>
[INFO] [stdout]     |            +++++++++
[INFO] [stdout] 
[INFO] [stdout] 
[INFO] [stdout] error[E0310]: the parameter type `E` may not live long enough
[INFO] [stdout]    --> /opt/rustwide/cargo-home/git/checkouts/dces-rust-0e90bfa1cf1cf6e4/f85e608/src/world.rs:136:17
[INFO] [stdout]     |
[INFO] [stdout] 136 | /                 self.system_store
[INFO] [stdout] 137 | |                     .borrow_entity_system(*system)
[INFO] [stdout] 138 | |                     .unwrap()
[INFO] [stdout] 139 | |                     .system
[INFO] [stdout] 140 | |                     .run_with_context(&mut self.entity_component_manager, ctx);
[INFO] [stdout]     | |______________________________________________________________________________^ ...so that the type `E` will meet its required lifetime bounds
[INFO] [stdout]     |
[INFO] [stdout] help: consider adding an explicit lifetime bound...
[INFO] [stdout]     |
[INFO] [stdout] 39  |     E: EntityStore + 'static,
[INFO] [stdout]     |                    +++++++++
[INFO] [stdout] 
[INFO] [stdout] 
[INFO] [stdout] error: aborting due to 10 previous errors
[INFO] [stdout] 
[INFO] [stdout] 
[INFO] [stdout] For more information about this error, try `rustc --explain E0310`.
[INFO] [stdout] 
[INFO] [stderr] error: could not compile `dces` (lib) due to 11 previous errors
[INFO] [stderr] warning: build failed, waiting for other jobs to finish...
[INFO] running `Command { std: "docker" "inspect" "5dc190595009fa0326141e678221a3049768526a61e3ecd0126284bcebcc199c", kill_on_drop: false }`
[INFO] running `Command { std: "docker" "rm" "-f" "5dc190595009fa0326141e678221a3049768526a61e3ecd0126284bcebcc199c", kill_on_drop: false }`
[INFO] [stdout] 5dc190595009fa0326141e678221a3049768526a61e3ecd0126284bcebcc199c
